Convert 11265 (base 7) to base 6.
21213
What is -320 (base 6) in base 16?
-78
What is 663 (base 12) in base 4?
32223
Convert 2e2 (base 16) to base 15.
343
Convert 2729 (base 15) to base 13.
3a65
Convert 3528a (base 11) to base 10.
50918
Convert -1a96 (base 11) to base 7.
-10500
What is 406 (base 9) in base 11?
280
What is -1684 (base 15) in base 11?
-3709
What is -1201221 (base 3) in base 9?
-1657
What is -a71 (base 13) in base 11?
-1380
-1111 (base 5) to base 2
-10011100
Convert 2133 (base 6) to base 7.
1266
What is 1726 (base 16) in base 2?
1011100100110
Convert 200110022 (base 3) to base 15.
3ebe
Convert 24d2 (base 14) to base 15.
1da6
59e (base 16) to base 9
1867
What is -14234 (base 5) in base 12?
-836
What is 45b (base 12) in base 2?
1010000111
Convert -12a3 (base 13) to base 6.
-20204
What is d6 (base 14) in base 9?
228
What is -1000010000100111 (base 2) in base 11?
-23466
What is 253 (base 11) in base 2?
100101100
Convert -123323 (base 4) to base 10.
-1787
Convert -7398 (base 10) to base 11.
-5616
What is 101110011 (base 2) in base 12?
26b
What is 1202301 (base 4) in base 9?
8603
Convert -575 (base 15) to base 3.
-1200202
What is 14d (base 14) in base 6?
1121
Convert 12011 (base 5) to base 15.
3db
What is 3410303 (base 5) in base 15?
12c03
-301 (base 13) to base 2
-111111100
What is -1202122000 (base 3) in base 12?
-18116
What is ab (base 16) in base 8?
253
Convert -1002102 (base 4) to base 14.
-1790
Convert 25986 (base 11) to base 16.
9100
-2310201 (base 4) to base 16
-2d21
What is -11101111010001 (base 2) in base 15?
-480d
What is -1011110111110 (base 2) in base 7?
-23502
What is -14153 (base 6) in base 16?
-8b5
Convert 10011100110101 (base 2) to base 16.
2735
-317e (base 16) to base 3
-122101021
3771 (base 10) to base 14
1535
Convert -2012020 (base 3) to base 12.
-b13
Convert 435 (base 15) to base 2.
1110110110
Convert -1244020 (base 5) to base 3.
-1021010200
Convert 241c (base 13) to base 2.
1001111100111
191 (base 14) to base 3
102222
3210 (base 9) to base 2
100100110110
What is a45 (base 14) in base 16?
7e5
Convert -230 (base 5) to base 8.
-101
Convert ecb (base 15) to base 2.
110100001101
What is -3889 (base 13) in base 14?
-2d16
Convert 102001011 (base 3) to base 9.
12034
-225 (base 11) to base 9
-328
What is -944 (base 16) in base 5?
-33442
Convert 1100101 (base 2) to base 11.
92
-5b6 (base 13) to base 6
-4334
-22430 (base 5) to base 12
-b27
What is -7b5 (base 15) in base 8?
-3321
Convert -101021 (base 3) to base 11.
-232
Convert -486 (base 9) to base 12.
-296
45026 (base 7) to base 14
41bd
What is 51245 (base 9) in base 16?
83c9
What is 3585 (base 13) in base 16?
1d79
Convert -110100 (base 3) to base 15.
-173
What is 234353 (base 6) in base 3?
1001001020
What is 20333030 (base 4) in base 14?
d5b6
-221221 (base 4) to base 6
-20201
What is -79 (base 15) in base 14?
-82
Convert -2113103 (base 5) to base 9.
-53506
Convert -111000222 (base 3) to base 10.
-9503
185 (base 14) to base 12
221
What is 1a7c (base 16) in base 14?
2684
Convert fb8 (base 16) to base 6.
30344
What is -576 (base 8) in base 7?
-1054
What is -223443 (base 5) in base 3?
-101222020
Convert 10111011 (base 2) to base 15.
c7
What is 437 (base 11) in base 5?
4044
What is 2c2 (base 14) in base 12?
3aa
Convert -112211 (base 3) to base 8.
-620
-11230 (base 5) to base 11
-681
-14658 (base 13) to base 3
-1221201120
5ba6 (base 15) to base 14
7174
2124 (base 8) to base 3
1112001
-192 (base 12) to base 7
-512
What is -665 (base 7) in base 6?
-1325
Convert 30260 (base 8) to base 7.
51224
Convert 10ab (base 13) to base 7.
6550
Convert 14 (base 15) to base 14.
15
5513 (base 6) to base 13
768
1010011100010 (base 2) to base 14
1d3c
Convert 106461 (base 8) to base 7.
210244
570 (base 16) to base 15
62c
222 (base 3) to base 13
20
Convert -2112202 (base 3) to base 2.
-11101000000
-1110010010000100 (base 2) to base 6
-1130500
Convert 4243 (base 13) to base 6.
110301
What is -2064 (base 9) in base 7?
-4264
Convert 10101 (base 9) to base 5.
203033
-224 (base 16) to base 11
-459
What is -37465 (base 9) in base 14?
-925b
What is 59f (base 16) in base 7?
4124
What is -2f3 (base 16) in base 12?
-52b
166 (base 8) to base 15
7d
What is 8902 (base 12) in base 10?
15122
-121bc (base 15) to base 12
-29529
-4211 (base 10) to base 6
-31255
-43714 (base 8) to base 7
-104405
Convert 1066 (base 10) to base 4.
100222
523 (base 8) to base 4
11103
-1301241 (base 5) to base 16
-626c
113200 (base 4) to base 7
4246
-4550 (base 13) to base 7
-40163
What is -3021020 (base 4) in base 14?
-4996
What is -3173 (base 8) in base 3?
-2021110
11350 (base 11) to base 8
40006
-331020 (base 5) to base 15
-3590
What is 160 (base 8) in base 16?
70
Convert 125301 (base 8) to base 12.
21369
-10215 (base 7) to base 13
-11b2
What is 2001 (base 3) in base 4?
313
Convert -1102404 (base 5) to base 13.
-8907
Convert -151 (base 9) to base 4.
-1333
-7235 (base 9) to base 14
-1d05
What is 1222 (base 7) in base 9?
557
-121c (base 13) to base 2
-101000000000
Convert -ac7b (base 14) to base 10.
-29901
-101 (base 11) to base 15
-82
Convert -11033 (base 4) to base 8.
-517
Convert -1864 (base 16) to base 5.
-144434
Convert 19a5 (base 13) to base 11.
2993
What is 113b (base 13) in base 3?
10022111
What is -40040 (base 5) in base 4?
-213120
What is 74bd (base 15) in base 14?
9007
7804 (base 13) to base 5
1013420
Convert -111011010001001 (base 2) to base 6.
-352253
-112120201 (base 3) to base 13
-4ab9
2626 (base 11) to base 8
6530
What is -1086 (base 10) in base 13?
-657
What is 15994 (base 13) in base 9?
62444
What is 1011101101111 (base 2) in base 9?
8205
Convert -104a4 (base 16) to base 4.
-100102210
Convert -8db (base 14) to base 6.
-12053
Convert -5e2a (base 15) to base 5.
-1120230
217c (base 13) to base 6
33334
10321 (base 6) to base 12
9a1
What is -11201001 (base 3) in base 9?
-4631
What is -102221 (base 4) in base 3?
-1122012
-1012 (base 5) to base 4
-2010
-264 (base 7) to base 10
-144
Convert 967 (base 14) to base 13.
ac9
-2030232 (base 4) to base 14
-33d4
6203 (base 8) to base 12
1a2b
-319 (base 13) to base 8
-1021
-11111001 (base 4) to base 11
-15441
What is 111110100110 (base 2) in base 15?
12c1
Convert -c891 (base 13) to base 9.
-42156
278e (base 16) to base 6
114514
What is 462 (base 14) in base 6?
4010
-12360 (base 9) to base 8
-20174
Convert -100121022 (base 3) to base 16.
-1b59
-10033 (base 5) to base 4
-22003
What is -2000200 (base 4) in base 9?
-12247
Convert -12365 (base 8) to base 12.
-3131
-322 (base 10) to base 16
-142
1672 (base 10) to base 15
767
-12001012 (base 3) to base 8
-7135
What is -37194 (base 11) in base 14?
-156ac
What is b49 (base 16) in base 10?
2889
Convert 339 (base 12) to base 7.
1251
What is 60a (base 13) in base 9?
1357
What is -1000100000 (base 2) in base 3?
-202011
What is 7b (base 12) in base 14?
6b
107 (base 11) to base 3
11202
What is 25036 (base 7) in base 11?
4a0a
153de (base 16) to base 3
11102100110
What is 215123 (base 8) in base 4?
101221103
Convert 12023012 (base 4) to base 14.
9302
Convert -b2 (base 15) to base 9.
-205
Convert -21ea (base 15) to base 9.
-10774
What is -33343 (base 5) in base 4?
-210230
Convert 333 (base 9) to base 6.
1133
Convert -24741 (base 8) to base 3.
-112201002
Convert 274 (base 12) to base 16.
178
Convert a7a (base 14) to base 9.
2747
What is 242120 (base 5) in base 15?
2a25
What is 12195 (base 12) in base 13?
b189
Convert -1372 (base 16) to base 9.
-6741
Convert 300 (base 10) to base 4.
10230
What is 202012112 (base 3) in base 4?
3212021
What is -37384 (base 9) in base 11?
-17953
-27213 (base 8) to base 15
-37e5
What is -9575 (base 10) in base 14?
-36bd
What is -5a6 (base 12) in base 4?
-31032
101132 (base 5) to base 3
11111221
Convert -406c (base 13) to base 15.
-296d
-337 (base 12) to base 13
-2a7
What is 12001202 (base 3) in base 10?
3692
What is -142031 (base 5) in base 13?
-28b2
Convert -141023 (base 5) to base 8.
-13203
What is 19bb3 (base 13) in base 8?
142243
What is -11036 (base 8) in base 11?
-3537
What is -9ed2 (base 16) in base 11?
-28602
-132411 (base 5) to base 16
-14ec
What is -23122000 (base 4) in base 11?
-32113
Convert 11001 (base 4) to base 6.
1253
What is -1234 (base 5) in base 13?
-11c
-200112111 (base 3) to base 12
-79a1
Convert -101